of 805244.
2, 11, 18301
What are the prime factors of 220604?
2, 131, 421
List the prime factors of 18457899.
3, 6152633
What are the prime factors of 10576930?
2, 5, 7, 13, 59, 197
What are the prime factors of 20806303?
7, 101, 29429
List the prime factors of 45013567.
45013567
List the prime factors of 2776093.
127, 21859
What are the prime factors of 80363?
80363
What are the prime factors of 288217?
491, 587
List the prime factors of 741138.
2, 3, 101, 1223
List the prime factors of 13898164.
2, 7, 23, 3083
What are the prime factors of 58235?
5, 19, 613
What are the prime factors of 197769?
3, 11, 13, 461
What are the prime factors of 2665369?
7, 37, 41, 251
What are the prime factors of 1488249?
3, 7, 23623
What are the prime factors of 219778?
2, 13, 79, 107
List the prime factors of 20058795.
3, 5, 67, 6653
List the prime factors of 1275256.
2, 159407
List the prime factors of 317868.
2, 3, 26489
List the prime factors of 227142.
2, 3, 12619
List the prime factors of 6904676.
2, 19, 47, 1933
What are the prime factors of 2312907?
3, 37, 67, 311
List the prime factors of 24258007.
29, 839, 997
List the prime factors of 364072.
2, 17, 2677
What are the prime factors of 3461201?
23, 61, 2467
What are the prime factors of 12498924?
2, 3, 1041577
List the prime factors of 72538.
2, 36269
List the prime factors of 18686144.
2, 291971
What are the prime factors of 32689?
97, 337
What are the prime factors of 1902344?
2, 401, 593
List the prime factors of 1747055.
5, 349411
What are the prime factors of 2377074?
2, 3, 7, 56597
List the prime factors of 14603640.
2, 3, 5, 121697
List the prime factors of 24708.
2, 3, 29, 71
List the prime factors of 1038194.
2, 519097
List the prime factors of 18475393.
18475393
List the prime factors of 4965560.
2, 5, 124139
What are the prime factors of 11890570?
2, 5, 1189057
List the prime factors of 973906.
2, 199, 2447
What are the prime factors of 122283?
3, 7, 647
List the prime factors of 763872.
2, 3, 73, 109
List the prime factors of 425264.
2, 7, 3797
List the prime factors of 5686596.
2, 3, 137, 1153
What are the prime factors of 218220?
2, 3, 5, 3637
List the prime factors of 79775.
5, 3191
What are the prime factors of 3895344?
2, 3, 71, 127
What are the prime factors of 1695285?
3, 5, 101, 373
What are the prime factors of 1487780?
2, 5, 7, 10627
What are the prime factors of 8413896?
2, 3, 31, 43, 263
What are the prime factors of 549305?
5, 61, 1801
What are the prime factors of 425182?
2, 19, 67, 167
List the prime factors of 19865108.
2, 19, 13757
List the prime factors of 522036.
2, 3, 17, 853
What are the prime factors of 1772403?
3, 17, 23, 1511
What are the prime factors of 95560?
2, 5, 2389
What are the prime factors of 4795296?
2, 3, 11, 19, 239
What are the prime factors of 202802?
2, 31, 3271
List the prime factors of 3884765.
5, 31, 71, 353
List the prime factors of 5613440.
2, 5, 7, 179
What are the prime factors of 760172?
2, 7, 17, 1597
What are the prime factors of 2006483?
2006483
List the prime factors of 270030.
2, 3, 5, 9001
List the prime factors of 339356.
2, 43, 1973
What are the prime factors of 618212?
2, 7, 22079
List the prime factors of 440749.
23, 19163
What are the prime factors of 312351?
3, 13, 8009
What are the prime factors of 554735?
5, 110947
List the prime factors of 20914.
2, 10457
List the prime factors of 349714.
2, 19, 9203
List the prime factors of 176425.
5, 7057
List the prime factors of 47916.
2, 3, 11
List the prime factors of 2743795.
5, 59, 71, 131
What are the prime factors of 5129302?
2, 2564651
What are the prime factors of 514240?
2, 5, 1607
What are the prime factors of 6921298?
2, 23, 379, 397
What are the prime factors of 1032924?
2, 3, 86077
List the prime factors of 1211523.
3, 283, 1427
What are the prime factors of 288660?
2, 3, 5, 17, 283
What are the prime factors of 175951?
251, 701
List the prime factors of 6688937.
29, 230653
List the prime factors of 6015588.
2, 3, 501299
List the prime factors of 509425.
5, 7, 41, 71
What are the prime factors of 440164?
2, 17, 6473
List the prime factors of 716838.
2, 3, 37, 3229
What are the prime factors of 38433039?
3, 17, 753589
List the prime factors of 10635202.
2, 5317601
List the prime factors of 4111480.
2, 5, 23, 41, 109
List the prime factors of 1398548.
2, 349637
List the prime factors of 2076544.
2, 16223
List the prime factors of 18800.
2, 5, 47
What are the prime factors of 17816561?
7, 17, 8807
What are the prime factors of 232616?
2, 29077
What are the prime factors of 380736?
2, 3, 661
List the prime factors of 777299.
857, 907
List the prime factors of 16932927.
3, 11, 43, 11933
List the prime factors of 1660426.
2, 107, 7759
What are the prime factors of 12009562?
2, 6004781
What are the prime factors of 625206?
2, 3, 79, 1319
List the prime factors of 309369.
3, 103123
What are the prime factors of 31403658?
2, 3, 11, 13, 17, 2153
What are the prime factors of 2073515?
5, 414703
What are the prime factors of 875879?
541, 1619
What are the prime factors of 1284557?
47, 151, 181
List the prime factors of 447155.
5, 89431
List the prime factors of 8705435.
5, 229, 7603
List the prime factors of 546759.
3, 79, 769
What are the prime factors of 28200?
2, 3, 5, 47
List the prime factors of 23922829.
7, 23, 21227
List the prime factors of 53846.
2, 13, 19, 109
What are the prime factors of 457393?
457393
What are the prime factors of 13248258?
2, 3, 1283, 1721
List the prime factors of 39660326.
2, 23, 862181
List the prime factors of 800430.
2, 3, 5, 26681
List the prime factors of 483158.
2, 13, 18583
List the prime factors of 1508553.
3, 31, 5407
List the prime factors of 4175675.
5, 7, 107, 223
List the prime factors of 3736753.
17, 219809
What are the prime factors of 7831672?
2, 521, 1879
List the prime factors of 179164.
2, 47, 953
List the prime factors of 6038825.
5, 13, 17, 1093
What are the prime factors of 771521?
53, 14557
List the prime factors of 3903368.
2, 7, 43, 1621
List the prime factors of 16163190.
2, 3, 5, 179591
List the prime factors of 7084921.
47, 150743
List the prime factors of 41672.
2, 5209
What are the prime factors of 162449?
7, 23, 1009
What are the prime factors of 2810878?
2, 7, 41, 59, 83
What are the prime factors of 215893?
215893
What are the prime factors of 46951?
29, 1619
What are the prime factors of 737869?
11, 67079
What are the prime factors of 414700?
2, 5, 11, 13, 29
What are the prime factors of 117886?
2, 58943
List the prime factors of 4762459.
13, 366343
List the prime factors of 4050666.
2, 3, 225037
List the prime factors of 17540400.
2, 3, 5, 47, 311
What are the prime factors of 101249?
103, 983
What are the prime factors of 116778?
2, 3, 19463
List the prime factors of 41381204.
2, 461, 22441
List the prime factors of 199268.
2, 31, 1607
What are the prime factors of 5268922?
2, 2634461
List the prime factors of 597489.
3, 277, 719
List the prime factors of 12982846.
2, 1427, 4549
List the prime factors of 6582950.
2, 5, 11, 11969
List the prime factors of 4657159.
13, 358243
What are the prime factors of 77916?
2, 3, 43, 151
What are the prime factors of 171137?
53, 3229
What are the prime factors of 15944775?
3, 5, 7, 11, 251
What are the prime factors of 13935727?
13, 1071979
What are the prime factors of 1044899?
29, 137, 263
What are the prime factors of 67560?
2, 3, 5, 563
What are the prime factors of 139853?
7, 19979
What are the prime factors of 86031?
3, 11, 79
What are the prime factors of 562304?
2, 23, 191
What are the prime factors of 20348?
2, 5087
What are the prime factors of 25963?
7, 3709
List the prime factors of 255276.
2, 3, 7, 1013
List the prime factors of 334222.
2, 7, 23873
What are the prime factors of 47819?
47819
List the prime factors of 73200.
2, 3, 5, 61
List the prime factors of 427821.
3, 142607
List the prime factors of 2719403.
2719403
List the prime factors of 758714.
2, 11, 34487
What are the prime factors of 373218?
2, 3, 17, 3659
List the prime factors of 9740930.
2, 5, 461, 2113
What are the prime factors of 600011?
600011
List the prime factors of 902106.
2, 3, 23, 2179
What are the prime factors of 9932107?
9932107
List the prime factors of 10089097.
10089097
List the prime fa